69118 and 99?
33
What is the greatest common factor of 108104 and 64?
8
Calculate the greatest common divisor of 510 and 20298.
102
What is the highest common factor of 2925755 and 537?
179
What is the greatest common divisor of 2 and 79025?
1
What is the greatest common factor of 96 and 68412?
12
What is the greatest common factor of 1143 and 127000?
127
What is the greatest common factor of 311 and 173227?
311
Calculate the greatest common divisor of 1206 and 258.
6
Calculate the highest common divisor of 59261 and 8797.
19
Calculate the highest common factor of 70280 and 24.
8
What is the highest common factor of 620 and 20780?
20
Calculate the highest common divisor of 128 and 82624.
64
What is the greatest common divisor of 20094 and 13056?
102
What is the highest common factor of 100 and 122980?
20
Calculate the highest common divisor of 1461726 and 84.
42
Calculate the greatest common factor of 2097049 and 5054.
361
What is the highest common factor of 405 and 59955?
15
What is the greatest common divisor of 15 and 3177?
3
What is the highest common divisor of 1200 and 620?
20
Calculate the greatest common factor of 1282 and 16.
2
What is the greatest common factor of 2332 and 90736?
212
What is the highest common factor of 868 and 376154?
62
Calculate the highest common divisor of 72 and 27693.
9
Calculate the highest common divisor of 46 and 22241.
23
Calculate the greatest common factor of 22103 and 124.
31
Calculate the greatest common factor of 357 and 35547.
51
What is the greatest common divisor of 286 and 419666?
26
Calculate the greatest common factor of 756 and 5012.
28
What is the highest common divisor of 156 and 11513502?
78
Calculate the highest common divisor of 1278962 and 1228.
614
Calculate the greatest common divisor of 6849 and 6759.
9
What is the highest common factor of 44 and 56716?
44
Calculate the greatest common divisor of 20205 and 5715.
45
What is the highest common divisor of 447931 and 6622?
473
What is the highest common factor of 11134 and 38?
38
What is the greatest common factor of 459 and 1685499?
51
What is the greatest common factor of 95380 and 380?
380
What is the highest common factor of 139248 and 7632?
144
What is the greatest common divisor of 338 and 621413?
169
What is the greatest common factor of 670 and 470072?
134
What is the greatest common divisor of 74898 and 76?
38
What is the highest common factor of 81 and 339273?
9
What is the greatest common factor of 69342 and 156?
78
What is the highest common divisor of 40641 and 1?
1
What is the greatest common divisor of 176682 and 1254?
66
What is the greatest common factor of 116127 and 45?
9
Calculate the greatest common factor of 530715 and 15.
15
What is the highest common factor of 15363 and 189?
27
Calculate the greatest common divisor of 175 and 193275.
25
Calculate the highest common factor of 385236 and 8352.
1044
Calculate the highest common divisor of 15472 and 32.
16
What is the greatest common factor of 385 and 925995?
35
What is the greatest common factor of 1742709 and 61?
61
What is the greatest common divisor of 7056 and 1638?
126
Calculate the highest common factor of 438 and 7373.
73
What is the greatest common factor of 1988 and 90525?
71
Calculate the greatest common divisor of 611 and 7241.
13
What is the greatest common divisor of 5157 and 108?
27
Calculate the highest common factor of 208394 and 58.
58
What is the greatest common divisor of 328776 and 309?
309
What is the highest common divisor of 309 and 167375?
103
Calculate the highest common factor of 2686 and 2212.
158
What is the greatest common factor of 808551 and 18?
9
Calculate the highest common factor of 734 and 988331.
367
Calculate the highest common factor of 96455 and 8595.
955
Calculate the highest common divisor of 6479181 and 333.
333
What is the highest common divisor of 1018788 and 2628?
876
What is the highest common factor of 342 and 732?
6
Calculate the highest common factor of 9 and 90027.
9
What is the greatest common factor of 84 and 24759?
21
What is the greatest common divisor of 25215 and 735?
15
What is the highest common divisor of 57 and 179949?
57
What is the greatest common factor of 624629 and 2643?
881
What is the greatest common divisor of 7979 and 31679?
79
What is the highest common factor of 4555 and 195?
5
Calculate the highest common divisor of 265 and 15204640.
265
What is the greatest common factor of 62912 and 2304?
64
What is the greatest common divisor of 1480 and 12136?
296
Calculate the greatest common divisor of 95 and 130140.
5
Calculate the highest common factor of 3430 and 2490.
10
Calculate the highest common divisor of 17324 and 426.
142
What is the greatest common factor of 15 and 47382?
3
What is the greatest common divisor of 10933 and 5046?
841
Calculate the greatest common factor of 49 and 316393.
49
Calculate the greatest common factor of 4449064 and 232.
232
What is the highest common factor of 20 and 125740?
20
Calculate the greatest common divisor of 85 and 250750.
85
What is the greatest common factor of 30335 and 25?
5
Calculate the highest common divisor of 1846 and 3302.
26
What is the highest common factor of 184015 and 52?
13
Calculate the highest common divisor of 132 and 353716.
44
Calculate the highest common divisor of 189 and 1728.
27
Calculate the highest common divisor of 10665000 and 36.
36
What is the greatest common divisor of 3140 and 12470?
10
Calculate the greatest common divisor of 196938 and 21.
21
What is the highest common divisor of 12 and 360852?
12
Calculate the greatest common divisor of 27111 and 42.
21
What is the greatest common factor of 28 and 3945606?
14
Calculate the greatest common divisor of 14 and 306818.
2
What is the highest common factor of 686495 and 5665?
515
Calculate the highest common divisor of 266 and 16667.
7
What is the highest common divisor of 83 and 142013?
83
Calculate the highest common divisor of 384 and 65640.
24
Calculate the greatest common factor of 488210 and 10.
10
What is the highest common divisor of 566123 and 491?
491
Calculate the greatest common divisor of 68 and 6137.
17
Calculate the highest common divisor of 154570 and 725.
145
Calculate the highest common divisor of 3 and 17477.
1
What is the greatest common factor of 176765 and 35?
5
What is the highest common divisor of 330927 and 2021?
47
Calculate the greatest common factor of 19625 and 5125.
125
What is the greatest common divisor of 564 and 352?
4
What is the greatest common divisor of 205571 and 2644?
661
What is the greatest common divisor of 1872 and 85488?
624
Calculate the highest common factor of 1239046 and 278.
278
What is the greatest common divisor of 63 and 126959?
7
What is the highest common divisor of 3321 and 14607?
27
Calculate the highest common divisor of 85 and 6335.
5
Calculate the highest common factor of 433 and 16.
1
Calculate the highest common divisor of 2086140 and 420.
420
Calculate the highest common divisor of 676 and 153959.
169
What is the greatest common factor of 56 and 700168?
56
What is the highest common divisor of 12480 and 611?
13
What is the greatest common divisor of 16 and 707624?
8
Calculate the highest common factor of 351 and 156.
39
Calculate the greatest common divisor of 50 and 1422525.
25
What is the greatest common divisor of 18 and 88602?
6
Calculate the highest common factor of 437178 and 1470.
294
Calculate the greatest common divisor of 488278 and 56.
14
What is the highest common factor of 396 and 435732?
132
What is the greatest common factor of 99 and 179157?
33
What is the highest common divisor of 53903 and 76?
19
Calculate the highest common factor of 2643475 and 1025.
1025
What is the greatest common divisor of 14 and 844704?
14
Calculate the greatest common divisor of 3789 and 1359.
9
Calculate the greatest common factor of 142580 and 100.
20
What is the highest common divisor of 70 and 613550?
70
What is the highest common factor of 114144 and 32?
32
What is the greatest common factor of 1661070 and 20?
10
What is the greatest common divisor of 529508 and 224?
28
Calculate the highest common divisor of 27 and 10.
1
Calculate the greatest common divisor of 6552 and 10998.
234
What is the highest common divisor of 